{"id":1138,"date":"2024-12-19T16:09:04","date_gmt":"2024-12-19T16:09:04","guid":{"rendered":"http:\/\/rgzv-norden.de\/?page_id=1138"},"modified":"2024-12-19T16:17:11","modified_gmt":"2024-12-19T16:17:11","slug":"weihnachtsfeier-2024","status":"publish","type":"page","link":"http:\/\/rgzv-norden.de\/?page_id=1138","title":{"rendered":"Weihnachtsfeier 2024"},"content":{"rendered":"\n<div class=\"wp-block-columns is-layout-flex wp-container-core-columns-is-layout-2 wp-block-columns-is-layout-flex\">\n<div class=\"wp-block-column is-layout-flow wp-block-column-is-layout-flow\">\n<div class=\"wp-block-columns is-layout-flex wp-container-core-columns-is-layout-1 wp-block-columns-is-layout-flex\">\n<div class=\"wp-block-column is-layout-flow wp-block-column-is-layout-flow\" style=\"flex-basis:33.33%\">\n<p>Traditionell am letzten Stammtisch des Jahres fand die Weihnachtsfeier des Rassegefl\u00fcgelzuchtvereins (RGZV) Norden statt. Mit zahlreichen Kuchenspenden und Tee wurde die Feier er\u00f6ffnet, was eine gem\u00fctliche und festliche Atmosph\u00e4re schuf.<\/p>\n\n\n\n<p>Nach einer herzlichen Begr\u00fc\u00dfung hielt der 1. Vorsitzende Dieter Becker eine kleine Ansprache. Es folgten das gemeinsame Singen von Weihnachtsliedern und das Vortragen von Geschichten, die f\u00fcr eine wunderbare Feststimmung sorgten.<\/p>\n\n\n\n<p>Ein Highlight der Feier war das traditionelle Ausknobeln der Wichtelgeschenke, bei dem jeder Teilnehmer ein Geschenk mitbrachte und die Spannung gro\u00df war, wer welches Geschenk erh\u00e4lt. Zus\u00e4tzlich wurden Futterpreise ausgeknobelt.<\/p>\n\n\n\n<p>Die Weihnachtsfeier war ein sehr erfolgreicher Jahresabschluss f\u00fcr den Verein und hinterlie\u00df bei allen Teilnehmern strahlende Gesichter. Ein besonderer Dank gilt den Organisatoren, die mit ihrem Engagement f\u00fcr einen rundum gelungenen Abend sorgten.<\/p>\n<\/div>\n\n\n\n<div class=\"wp-block-column is-layout-flow wp-block-column-is-layout-flow\" style=\"flex-basis:66.66%\">\n<figure class=\"wp-block-gallery has-nested-images columns-default is-cropped wp-block-gallery-1 is-layout-flex wp-block-gallery-is-layout-flex\">\n<figure class=\"wp-block-image size-large\"><img loading=\"lazy\" decoding=\"async\" width=\"768\" height=\"1024\" src=\"http:\/\/rgzv-norden.de\/wp-content\/uploads\/2024\/12\/IMG-20241218-WA0042-1-768x1024.jpg\" alt=\"\" class=\"wp-image-1169\" srcset=\"http:\/\/rgzv-norden.de\/wp-content\/uploads\/2024\/12\/IMG-20241218-WA0042-1-768x1024.jpg 768w, http:\/\/rgzv-norden.de\/wp-content\/uploads\/2024\/12\/IMG-20241218-WA0042-1-225x300.jpg 225w, http:\/\/rgzv-norden.de\/wp-content\/uploads\/2024\/12\/IMG-20241218-WA0042-1-1152x1536.jpg 1152w, http:\/\/rgzv-norden.de\/wp-content\/uploads\/2024\/12\/IMG-20241218-WA0042-1.jpg 1200w\" sizes=\"(max-width: 768px) 100vw, 768px\" \/><\/figure>\n\n\n\n<figure class=\"wp-block-image size-large\"><img loading=\"lazy\" decoding=\"async\" width=\"768\" height=\"1024\" src=\"http:\/\/rgzv-norden.de\/wp-content\/uploads\/2024\/12\/IMG-20241218-WA0043-1-768x1024.jpg\" alt=\"\" class=\"wp-image-1170\" srcset=\"http:\/\/rgzv-norden.de\/wp-content\/uploads\/2024\/12\/IMG-20241218-WA0043-1-768x1024.jpg 768w, http:\/\/rgzv-norden.de\/wp-content\/uploads\/2024\/12\/IMG-20241218-WA0043-1-225x300.jpg 225w, http:\/\/rgzv-norden.de\/wp-content\/uploads\/2024\/12\/IMG-20241218-WA0043-1-1152x1536.jpg 1152w, http:\/\/rgzv-norden.de\/wp-content\/uploads\/2024\/12\/IMG-20241218-WA0043-1.jpg 1200w\" sizes=\"(max-width: 768px) 100vw, 768px\" \/><\/figure>\n\n\n\n<figure class=\"wp-block-image size-large\"><img loading=\"lazy\" decoding=\"async\" width=\"768\" height=\"1024\" src=\"http:\/\/rgzv-norden.de\/wp-content\/uploads\/2024\/12\/IMG-20241218-WA0044-1-768x1024.jpg\" alt=\"\" class=\"wp-image-1171\" srcset=\"http:\/\/rgzv-norden.de\/wp-content\/uploads\/2024\/12\/IMG-20241218-WA0044-1-768x1024.jpg 768w, http:\/\/rgzv-norden.de\/wp-content\/uploads\/2024\/12\/IMG-20241218-WA0044-1-225x300.jpg 225w, http:\/\/rgzv-norden.de\/wp-content\/uploads\/2024\/12\/IMG-20241218-WA0044-1-1152x1536.jpg 1152w, http:\/\/rgzv-norden.de\/wp-content\/uploads\/2024\/12\/IMG-20241218-WA0044-1.jpg 1200w\" sizes=\"(max-width: 768px) 100vw, 768px\" \/><\/figure>\n\n\n\n<figure class=\"wp-block-image size-large\"><img loading=\"lazy\" decoding=\"async\" width=\"768\" height=\"1024\" src=\"http:\/\/rgzv-norden.de\/wp-content\/uploads\/2024\/12\/IMG-20241218-WA0045-1-768x1024.jpg\" alt=\"\" class=\"wp-image-1172\" srcset=\"http:\/\/rgzv-norden.de\/wp-content\/uploads\/2024\/12\/IMG-20241218-WA0045-1-768x1024.jpg 768w, http:\/\/rgzv-norden.de\/wp-content\/uploads\/2024\/12\/IMG-20241218-WA0045-1-225x300.jpg 225w, http:\/\/rgzv-norden.de\/wp-content\/uploads\/2024\/12\/IMG-20241218-WA0045-1-1152x1536.jpg 1152w, http:\/\/rgzv-norden.de\/wp-content\/uploads\/2024\/12\/IMG-20241218-WA0045-1.jpg 1200w\" sizes=\"(max-width: 768px) 100vw, 768px\" \/><\/figure>\n\n\n\n<figure class=\"wp-block-image size-large\"><img loading=\"lazy\" decoding=\"async\" width=\"768\" height=\"1024\" src=\"http:\/\/rgzv-norden.de\/wp-content\/uploads\/2024\/12\/IMG-20241218-WA0046-1-768x1024.jpg\" alt=\"\" class=\"wp-image-1173\" srcset=\"http:\/\/rgzv-norden.de\/wp-content\/uploads\/2024\/12\/IMG-20241218-WA0046-1-768x1024.jpg 768w, http:\/\/rgzv-norden.de\/wp-content\/uploads\/2024\/12\/IMG-20241218-WA0046-1-225x300.jpg 225w, http:\/\/rgzv-norden.de\/wp-content\/uploads\/2024\/12\/IMG-20241218-WA0046-1-1152x1536.jpg 1152w, http:\/\/rgzv-norden.de\/wp-content\/uploads\/2024\/12\/IMG-20241218-WA0046-1.jpg 1200w\" sizes=\"(max-width: 768px) 100vw, 768px\" \/><\/figure>\n\n\n\n<figure class=\"wp-block-image size-large\"><img loading=\"lazy\" decoding=\"async\" width=\"768\" height=\"1024\" src=\"http:\/\/rgzv-norden.de\/wp-content\/uploads\/2024\/12\/IMG-20241218-WA0047-1-768x1024.jpg\" alt=\"\" class=\"wp-image-1174\" srcset=\"http:\/\/rgzv-norden.de\/wp-content\/uploads\/2024\/12\/IMG-20241218-WA0047-1-768x1024.jpg 768w, http:\/\/rgzv-norden.de\/wp-content\/uploads\/2024\/12\/IMG-20241218-WA0047-1-225x300.jpg 225w, http:\/\/rgzv-norden.de\/wp-content\/uploads\/2024\/12\/IMG-20241218-WA0047-1-1152x1536.jpg 1152w, http:\/\/rgzv-norden.de\/wp-content\/uploads\/2024\/12\/IMG-20241218-WA0047-1.jpg 1200w\" sizes=\"(max-width: 768px) 100vw, 768px\" \/><\/figure>\n\n\n\n<figure class=\"wp-block-image size-large\"><img loading=\"lazy\" decoding=\"async\" width=\"768\" height=\"1024\" src=\"http:\/\/rgzv-norden.de\/wp-content\/uploads\/2024\/12\/IMG-20241218-WA0048-1-768x1024.jpg\" alt=\"\" class=\"wp-image-1175\" srcset=\"http:\/\/rgzv-norden.de\/wp-content\/uploads\/2024\/12\/IMG-20241218-WA0048-1-768x1024.jpg 768w, http:\/\/rgzv-norden.de\/wp-content\/uploads\/2024\/12\/IMG-20241218-WA0048-1-225x300.jpg 225w, http:\/\/rgzv-norden.de\/wp-content\/uploads\/2024\/12\/IMG-20241218-WA0048-1-1152x1536.jpg 1152w, http:\/\/rgzv-norden.de\/wp-content\/uploads\/2024\/12\/IMG-20241218-WA0048-1.jpg 1200w\" sizes=\"(max-width: 768px) 100vw, 768px\" \/><\/figure>\n\n\n\n<figure class=\"wp-block-image size-large\"><img loading=\"lazy\" decoding=\"async\" width=\"768\" height=\"1024\" src=\"http:\/\/rgzv-norden.de\/wp-content\/uploads\/2024\/12\/IMG-20241218-WA0049-1-768x1024.jpg\" alt=\"\" class=\"wp-image-1176\" srcset=\"http:\/\/rgzv-norden.de\/wp-content\/uploads\/2024\/12\/IMG-20241218-WA0049-1-768x1024.jpg 768w, http:\/\/rgzv-norden.de\/wp-content\/uploads\/2024\/12\/IMG-20241218-WA0049-1-225x300.jpg 225w, http:\/\/rgzv-norden.de\/wp-content\/uploads\/2024\/12\/IMG-20241218-WA0049-1-1152x1536.jpg 1152w, http:\/\/rgzv-norden.de\/wp-content\/uploads\/2024\/12\/IMG-20241218-WA0049-1.jpg 1200w\" sizes=\"(max-width: 768px) 100vw, 768px\" \/><\/figure>\n\n\n\n<figure class=\"wp-block-image size-large\"><img loading=\"lazy\" decoding=\"async\" width=\"768\" height=\"1024\" src=\"http:\/\/rgzv-norden.de\/wp-content\/uploads\/2024\/12\/IMG-20241218-WA0051-1-768x1024.jpg\" alt=\"\" class=\"wp-image-1177\" srcset=\"http:\/\/rgzv-norden.de\/wp-content\/uploads\/2024\/12\/IMG-20241218-WA0051-1-768x1024.jpg 768w, http:\/\/rgzv-norden.de\/wp-content\/uploads\/2024\/12\/IMG-20241218-WA0051-1-225x300.jpg 225w, http:\/\/rgzv-norden.de\/wp-content\/uploads\/2024\/12\/IMG-20241218-WA0051-1-1152x1536.jpg 1152w, http:\/\/rgzv-norden.de\/wp-content\/uploads\/2024\/12\/IMG-20241218-WA0051-1.jpg 1200w\" sizes=\"(max-width: 768px) 100vw, 768px\" \/><\/figure>\n\n\n\n<figure class=\"wp-block-image size-large\"><img loading=\"lazy\" decoding=\"async\" width=\"768\" height=\"1024\" src=\"http:\/\/rgzv-norden.de\/wp-content\/uploads\/2024\/12\/IMG-20241218-WA0052-1-768x1024.jpg\" alt=\"\" class=\"wp-image-1178\" srcset=\"http:\/\/rgzv-norden.de\/wp-content\/uploads\/2024\/12\/IMG-20241218-WA0052-1-768x1024.jpg 768w, http:\/\/rgzv-norden.de\/wp-content\/uploads\/2024\/12\/IMG-20241218-WA0052-1-225x300.jpg 225w, http:\/\/rgzv-norden.de\/wp-content\/uploads\/2024\/12\/IMG-20241218-WA0052-1-1152x1536.jpg 1152w, http:\/\/rgzv-norden.de\/wp-content\/uploads\/2024\/12\/IMG-20241218-WA0052-1.jpg 1200w\" sizes=\"(max-width: 768px) 100vw, 768px\" \/><\/figure>\n\n\n\n<figure class=\"wp-block-image size-large\"><img loading=\"lazy\" decoding=\"async\" width=\"768\" height=\"1024\" src=\"http:\/\/rgzv-norden.de\/wp-content\/uploads\/2024\/12\/IMG-20241218-WA0028-1-768x1024.jpg\" alt=\"\" class=\"wp-image-1180\" srcset=\"http:\/\/rgzv-norden.de\/wp-content\/uploads\/2024\/12\/IMG-20241218-WA0028-1-768x1024.jpg 768w, http:\/\/rgzv-norden.de\/wp-content\/uploads\/2024\/12\/IMG-20241218-WA0028-1-225x300.jpg 225w, http:\/\/rgzv-norden.de\/wp-content\/uploads\/2024\/12\/IMG-20241218-WA0028-1-1152x1536.jpg 1152w, http:\/\/rgzv-norden.de\/wp-content\/uploads\/2024\/12\/IMG-20241218-WA0028-1.jpg 1200w\" sizes=\"(max-width: 768px) 100vw, 768px\" \/><\/figure>\n\n\n\n<figure class=\"wp-block-image size-large\"><img loading=\"lazy\" decoding=\"async\" width=\"768\" height=\"1024\" src=\"http:\/\/rgzv-norden.de\/wp-content\/uploads\/2024\/12\/IMG-20241218-WA0031-1-768x1024.jpg\" alt=\"\" class=\"wp-image-1182\" srcset=\"http:\/\/rgzv-norden.de\/wp-content\/uploads\/2024\/12\/IMG-20241218-WA0031-1-768x1024.jpg 768w, http:\/\/rgzv-norden.de\/wp-content\/uploads\/2024\/12\/IMG-20241218-WA0031-1-225x300.jpg 225w, http:\/\/rgzv-norden.de\/wp-content\/uploads\/2024\/12\/IMG-20241218-WA0031-1-1152x1536.jpg 1152w, http:\/\/rgzv-norden.de\/wp-content\/uploads\/2024\/12\/IMG-20241218-WA0031-1.jpg 1200w\" sizes=\"(max-width: 768px) 100vw, 768px\" \/><\/figure>\n\n\n\n<figure class=\"wp-block-image size-large\"><img loading=\"lazy\" decoding=\"async\" width=\"768\" height=\"1024\" src=\"http:\/\/rgzv-norden.de\/wp-content\/uploads\/2024\/12\/IMG-20241218-WA0033-1-768x1024.jpg\" alt=\"\" class=\"wp-image-1187\" srcset=\"http:\/\/rgzv-norden.de\/wp-content\/uploads\/2024\/12\/IMG-20241218-WA0033-1-768x1024.jpg 768w, http:\/\/rgzv-norden.de\/wp-content\/uploads\/2024\/12\/IMG-20241218-WA0033-1-225x300.jpg 225w, http:\/\/rgzv-norden.de\/wp-content\/uploads\/2024\/12\/IMG-20241218-WA0033-1-1152x1536.jpg 1152w, http:\/\/rgzv-norden.de\/wp-content\/uploads\/2024\/12\/IMG-20241218-WA0033-1.jpg 1200w\" sizes=\"(max-width: 768px) 100vw, 768px\" \/><\/figure>\n\n\n\n<figure class=\"wp-block-image size-large\"><img loading=\"lazy\" decoding=\"async\" width=\"768\" height=\"1024\" src=\"http:\/\/rgzv-norden.de\/wp-content\/uploads\/2024\/12\/IMG-20241218-WA0034-2-768x1024.jpg\" alt=\"\" class=\"wp-image-1184\" srcset=\"http:\/\/rgzv-norden.de\/wp-content\/uploads\/2024\/12\/IMG-20241218-WA0034-2-768x1024.jpg 768w, http:\/\/rgzv-norden.de\/wp-content\/uploads\/2024\/12\/IMG-20241218-WA0034-2-225x300.jpg 225w, http:\/\/rgzv-norden.de\/wp-content\/uploads\/2024\/12\/IMG-20241218-WA0034-2-1152x1536.jpg 1152w, http:\/\/rgzv-norden.de\/wp-content\/uploads\/2024\/12\/IMG-20241218-WA0034-2.jpg 1200w\" sizes=\"(max-width: 768px) 100vw, 768px\" \/><\/figure>\n\n\n\n<figure class=\"wp-block-image size-large\"><img loading=\"lazy\" decoding=\"async\" width=\"768\" height=\"1024\" src=\"http:\/\/rgzv-norden.de\/wp-content\/uploads\/2024\/12\/IMG-20241218-WA0036-1-768x1024.jpg\" alt=\"\" class=\"wp-image-1188\" srcset=\"http:\/\/rgzv-norden.de\/wp-content\/uploads\/2024\/12\/IMG-20241218-WA0036-1-768x1024.jpg 768w, http:\/\/rgzv-norden.de\/wp-content\/uploads\/2024\/12\/IMG-20241218-WA0036-1-225x300.jpg 225w, http:\/\/rgzv-norden.de\/wp-content\/uploads\/2024\/12\/IMG-20241218-WA0036-1-1152x1536.jpg 1152w, http:\/\/rgzv-norden.de\/wp-content\/uploads\/2024\/12\/IMG-20241218-WA0036-1.jpg 1200w\" sizes=\"(max-width: 768px) 100vw, 768px\" \/><\/figure>\n\n\n\n<figure class=\"wp-block-image size-large\"><img loading=\"lazy\" decoding=\"async\" width=\"768\" height=\"1024\" src=\"http:\/\/rgzv-norden.de\/wp-content\/uploads\/2024\/12\/IMG-20241218-WA0039-1-768x1024.jpg\" alt=\"\" class=\"wp-image-1191\" srcset=\"http:\/\/rgzv-norden.de\/wp-content\/uploads\/2024\/12\/IMG-20241218-WA0039-1-768x1024.jpg 768w, http:\/\/rgzv-norden.de\/wp-content\/uploads\/2024\/12\/IMG-20241218-WA0039-1-225x300.jpg 225w, http:\/\/rgzv-norden.de\/wp-content\/uploads\/2024\/12\/IMG-20241218-WA0039-1-1152x1536.jpg 1152w, http:\/\/rgzv-norden.de\/wp-content\/uploads\/2024\/12\/IMG-20241218-WA0039-1.jpg 1200w\" sizes=\"(max-width: 768px) 100vw, 768px\" \/><\/figure>\n\n\n\n<figure class=\"wp-block-image size-large\"><img loading=\"lazy\" decoding=\"async\" width=\"768\" height=\"1024\" src=\"http:\/\/rgzv-norden.de\/wp-content\/uploads\/2024\/12\/IMG-20241218-WA0040-1-768x1024.jpg\" alt=\"\" class=\"wp-image-1192\" srcset=\"http:\/\/rgzv-norden.de\/wp-content\/uploads\/2024\/12\/IMG-20241218-WA0040-1-768x1024.jpg 768w, http:\/\/rgzv-norden.de\/wp-content\/uploads\/2024\/12\/IMG-20241218-WA0040-1-225x300.jpg 225w, http:\/\/rgzv-norden.de\/wp-content\/uploads\/2024\/12\/IMG-20241218-WA0040-1-1152x1536.jpg 1152w, http:\/\/rgzv-norden.de\/wp-content\/uploads\/2024\/12\/IMG-20241218-WA0040-1.jpg 1200w\" sizes=\"(max-width: 768px) 100vw, 768px\" \/><\/figure>\n\n\n\n<figure class=\"wp-block-image size-large\"><img loading=\"lazy\" decoding=\"async\" width=\"768\" height=\"1024\" src=\"http:\/\/rgzv-norden.de\/wp-content\/uploads\/2024\/12\/IMG-20241218-WA0041-1-768x1024.jpg\" alt=\"\" class=\"wp-image-1193\" srcset=\"http:\/\/rgzv-norden.de\/wp-content\/uploads\/2024\/12\/IMG-20241218-WA0041-1-768x1024.jpg 768w, http:\/\/rgzv-norden.de\/wp-content\/uploads\/2024\/12\/IMG-20241218-WA0041-1-225x300.jpg 225w, http:\/\/rgzv-norden.de\/wp-content\/uploads\/2024\/12\/IMG-20241218-WA0041-1-1152x1536.jpg 1152w, http:\/\/rgzv-norden.de\/wp-content\/uploads\/2024\/12\/IMG-20241218-WA0041-1.jpg 1200w\" sizes=\"(max-width: 768px) 100vw, 768px\" \/><\/figure>\n<\/figure>\n<\/div>\n<\/div>\n<\/div>\n<\/div>\n","protected":false},"excerpt":{"rendered":"<p>Traditionell am letzten Stammtisch des Jahres fand die Weihnachtsfeier des Rassegefl\u00fcgelzuchtvereins (RGZV) Norden statt. Mit zahlreichen Kuchenspenden und Tee wurde die Feier er\u00f6ffnet,&#8230;<\/p>\n","protected":false},"author":1,"featured_media":0,"parent":947,"menu_order":-1,"comment_status":"closed","ping_status":"closed","template":"","meta":{"footnotes":""},"class_list":["post-1138","page","type-page","status-publish","hentry"],"_links":{"self":[{"href":"http:\/\/rgzv-norden.de\/index.php?rest_route=\/wp\/v2\/pages\/1138"}],"collection":[{"href":"http:\/\/rgzv-norden.de\/index.php?rest_route=\/wp\/v2\/pages"}],"about":[{"href":"http:\/\/rgzv-norden.de\/index.php?rest_route=\/wp\/v2\/types\/page"}],"author":[{"embeddable":true,"href":"http:\/\/rgzv-norden.de\/index.php?rest_route=\/wp\/v2\/users\/1"}],"replies":[{"embeddable":true,"href":"http:\/\/rgzv-norden.de\/index.php?rest_route=%2Fwp%2Fv2%2Fcomments&post=1138"}],"version-history":[{"count":2,"href":"http:\/\/rgzv-norden.de\/index.php?rest_route=\/wp\/v2\/pages\/1138\/revisions"}],"predecessor-version":[{"id":1195,"href":"http:\/\/rgzv-norden.de\/index.php?rest_route=\/wp\/v2\/pages\/1138\/revisions\/1195"}],"up":[{"embeddable":true,"href":"http:\/\/rgzv-norden.de\/index.php?rest_route=\/wp\/v2\/pages\/947"}],"wp:attachment":[{"href":"http:\/\/rgzv-norden.de\/index.php?rest_route=%2Fwp%2Fv2%2Fmedia&parent=1138"}],"curies":[{"name":"wp","href":"https:\/\/api.w.org\/{rel}","templated":true}]}}