{"id":1313,"date":"2025-10-20T19:09:56","date_gmt":"2025-10-20T19:09:56","guid":{"rendered":"http:\/\/rgzv-norden.de\/?page_id=1313"},"modified":"2025-10-20T19:10:42","modified_gmt":"2025-10-20T19:10:42","slug":"rassegefluegelschau-2025","status":"publish","type":"page","link":"http:\/\/rgzv-norden.de\/?page_id=1313","title":{"rendered":"Rassegefl\u00fcgelschau 2025"},"content":{"rendered":"\n<p><strong>Gro\u00dfer Erfolg f\u00fcr die Norder Gefl\u00fcgelschau \u2013 Besucher begeistert von Vielfalt und Engagement<\/strong><\/p>\n\n\n\n<p>Am vergangenen Wochenende stand die Gewerbestra\u00dfe 26 in Norden ganz im Zeichen von Federn, Farben und fr\u00f6hlichem Gegacker: Der Rassegefl\u00fcgelzuchtverein Norden (RGZV) lud zur gro\u00dfen Gefl\u00fcgelschau \u2013 und das Publikum kam zahlreich! Ob Z\u00fcchter, Tierfreunde oder einfach neugierige Besucher \u2013 alle zeigten sich beeindruckt von der Vielfalt und Qualit\u00e4t der ausgestellten Tiere.<\/p>\n\n\n\n<p>\u00dcber 230 Ausstellungstiere, darunter H\u00fchner, Zwergh\u00fchner, Enten und Tauben, pr\u00e4sentierten sich von ihrer besten Seite. Insgesamt 24 Aussteller aus Norden und dem Umland stellten ihre Z\u00fcchtungen vor und bewiesen, dass die Leidenschaft f\u00fcr seltene und alte Rassen in der Region quicklebendig ist. Der Erhalt dieser alten, teils gef\u00e4hrdeten Rassen ist nicht nur eine Herzensangelegenheit der Z\u00fcchter, sondern auch ein wichtiger Beitrag zur biologischen Vielfalt.<\/p>\n\n\n\n<p>Ganze 10 mal wurde die Bestnote \u201evorz\u00fcglich\u201c und 22 mal die Note \u201ehervorragend\u201c vergeben. Auch die anderen Tiere erhielten durchweg gute Noten.<\/p>\n\n\n\n<p>Neben der hohen Qualit\u00e4t der Tiere sorgte auch das Rahmenprogramm f\u00fcr gute Stimmung: Die beliebte Lose-Tombola fand rei\u00dfenden Absatz, und bei Kaffee, Kuchen und Gegrilltem lie\u00df es sich wunderbar plaudern und fachsimpeln.<\/p>\n\n\n\n<p>Vereinsmeister wurde in diesem Jahr Wilko Janetzko mit seinen Fr\u00e4nkischen Landg\u00e4nsen (935 Punkte). Manfred Feeken \u00fcberzeugte mit seinen Zwerg-Australorps (945 Punkte) und Peter Becker mit seinen Cauchois (940 Punkte). Bei der Jugend wurde Pia Siemers mit ihren Federf\u00fc\u00dfigen Zwergh\u00fchnern (935 Punkte) Vereinsmeister bei der Juend.<\/p>\n\n\n\n<p>Die Leistungspreise gingen an Tobias Bogena mit seinen Ostfriesischen M\u00f6wen (560 Punkte), an Stephan Siemers mit seinen Federf\u00fc\u00dfigen Zwergh\u00fchnern (572 Punkte), Sven-Reschke L\u00fccken mit seinen Antwerpener Bartzwergen (570 Punkten), beim Wassergefl\u00fcgel an Roswitha Becker mit ihren Sachsenenten (557 Punkte) und bei den Tauben an Peter Becker mit seinen Fr\u00e4nkischen Samtschildtauben (570 Punkte) und Katja Becker mit ihren Eistauben geh\u00e4mmert (596 Punkte). Bei der Jugend an Lea Siemers mit ihren Sebrights (570 Punkte)<\/p>\n\n\n\n<p>Vereinsvorsitzender Dieter Becker zeigte sich am Ende rundum zufrieden: \u201eSo viele Besucher, tolle Bewertungen und eine Stimmung, die besser nicht h\u00e4tte sein k\u00f6nnen \u2013 was will man mehr?\u201c<\/p>\n\n\n\n<p>Die Norder Gefl\u00fcgelschau hat einmal mehr bewiesen, wie lebendig, vielf\u00e4ltig und zukunftsorientiert die Rassegefl\u00fcgelzucht ist \u2013 und dass Engagement, Herzblut und ein bisschen Humor die besten Zutaten f\u00fcr eine erfolgreiche Veranstaltung sind.<\/p>\n\n\n\n<p>Sollten Sie sich ebenfalls f\u00fcr die Rassegefl\u00fcgelzucht interessieren, k\u00f6nnen Sie sich auf der Homepage www.rgzv-norden.de \u00fcber den Verein informieren oder Sie Besuchen den Verein einfach direkt, jeden 2ten Freitag im Monat um 20Uhr im Haus der Vereine in Norden.<\/p>\n\n\n\n<figure class=\"wp-block-gallery has-nested-images columns-default is-cropped wp-block-gallery-1 is-layout-flex wp-block-gallery-is-layout-flex\">\n<figure class=\"wp-block-image size-large\"><img loading=\"lazy\" decoding=\"async\" width=\"577\" height=\"1024\" data-id=\"1319\" src=\"http:\/\/rgzv-norden.de\/wp-content\/uploads\/2025\/10\/1000091462-577x1024.jpg\" alt=\"\" class=\"wp-image-1319\" srcset=\"http:\/\/rgzv-norden.de\/wp-content\/uploads\/2025\/10\/1000091462-577x1024.jpg 577w, http:\/\/rgzv-norden.de\/wp-content\/uploads\/2025\/10\/1000091462-169x300.jpg 169w, http:\/\/rgzv-norden.de\/wp-content\/uploads\/2025\/10\/1000091462-768x1364.jpg 768w, http:\/\/rgzv-norden.de\/wp-content\/uploads\/2025\/10\/1000091462-865x1536.jpg 865w, http:\/\/rgzv-norden.de\/wp-content\/uploads\/2025\/10\/1000091462-1153x2048.jpg 1153w, http:\/\/rgzv-norden.de\/wp-content\/uploads\/2025\/10\/1000091462-scaled.jpg 1442w\" sizes=\"(max-width: 577px) 100vw, 577px\" \/><\/figure>\n\n\n\n<figure class=\"wp-block-image size-large\"><img loading=\"lazy\" decoding=\"async\" width=\"577\" height=\"1024\" data-id=\"1318\" src=\"http:\/\/rgzv-norden.de\/wp-content\/uploads\/2025\/10\/20251019_151240-577x1024.jpg\" alt=\"\" class=\"wp-image-1318\" srcset=\"http:\/\/rgzv-norden.de\/wp-content\/uploads\/2025\/10\/20251019_151240-577x1024.jpg 577w, http:\/\/rgzv-norden.de\/wp-content\/uploads\/2025\/10\/20251019_151240-169x300.jpg 169w, http:\/\/rgzv-norden.de\/wp-content\/uploads\/2025\/10\/20251019_151240-768x1364.jpg 768w, http:\/\/rgzv-norden.de\/wp-content\/uploads\/2025\/10\/20251019_151240-865x1536.jpg 865w, http:\/\/rgzv-norden.de\/wp-content\/uploads\/2025\/10\/20251019_151240-1153x2048.jpg 1153w, http:\/\/rgzv-norden.de\/wp-content\/uploads\/2025\/10\/20251019_151240-scaled.jpg 1442w\" sizes=\"(max-width: 577px) 100vw, 577px\" \/><\/figure>\n\n\n\n<figure class=\"wp-block-image size-large\"><img loading=\"lazy\" decoding=\"async\" width=\"577\" height=\"1024\" data-id=\"1314\" src=\"http:\/\/rgzv-norden.de\/wp-content\/uploads\/2025\/10\/20251019_151411-577x1024.jpg\" alt=\"\" class=\"wp-image-1314\" srcset=\"http:\/\/rgzv-norden.de\/wp-content\/uploads\/2025\/10\/20251019_151411-577x1024.jpg 577w, http:\/\/rgzv-norden.de\/wp-content\/uploads\/2025\/10\/20251019_151411-169x300.jpg 169w, http:\/\/rgzv-norden.de\/wp-content\/uploads\/2025\/10\/20251019_151411-768x1364.jpg 768w, http:\/\/rgzv-norden.de\/wp-content\/uploads\/2025\/10\/20251019_151411-865x1536.jpg 865w, http:\/\/rgzv-norden.de\/wp-content\/uploads\/2025\/10\/20251019_151411-1153x2048.jpg 1153w, http:\/\/rgzv-norden.de\/wp-content\/uploads\/2025\/10\/20251019_151411-scaled.jpg 1442w\" sizes=\"(max-width: 577px) 100vw, 577px\" \/><\/figure>\n\n\n\n<figure class=\"wp-block-image size-large\"><img loading=\"lazy\" decoding=\"async\" width=\"577\" height=\"1024\" data-id=\"1315\" src=\"http:\/\/rgzv-norden.de\/wp-content\/uploads\/2025\/10\/20251019_151609-577x1024.jpg\" alt=\"\" class=\"wp-image-1315\" srcset=\"http:\/\/rgzv-norden.de\/wp-content\/uploads\/2025\/10\/20251019_151609-577x1024.jpg 577w, http:\/\/rgzv-norden.de\/wp-content\/uploads\/2025\/10\/20251019_151609-169x300.jpg 169w, http:\/\/rgzv-norden.de\/wp-content\/uploads\/2025\/10\/20251019_151609-768x1364.jpg 768w, http:\/\/rgzv-norden.de\/wp-content\/uploads\/2025\/10\/20251019_151609-865x1536.jpg 865w, http:\/\/rgzv-norden.de\/wp-content\/uploads\/2025\/10\/20251019_151609-1153x2048.jpg 1153w, http:\/\/rgzv-norden.de\/wp-content\/uploads\/2025\/10\/20251019_151609-scaled.jpg 1442w\" sizes=\"(max-width: 577px) 100vw, 577px\" \/><\/figure>\n\n\n\n<figure class=\"wp-block-image size-large\"><img loading=\"lazy\" decoding=\"async\" width=\"577\" height=\"1024\" data-id=\"1320\" src=\"http:\/\/rgzv-norden.de\/wp-content\/uploads\/2025\/10\/20251019_151634-577x1024.jpg\" alt=\"\" class=\"wp-image-1320\" srcset=\"http:\/\/rgzv-norden.de\/wp-content\/uploads\/2025\/10\/20251019_151634-577x1024.jpg 577w, http:\/\/rgzv-norden.de\/wp-content\/uploads\/2025\/10\/20251019_151634-169x300.jpg 169w, http:\/\/rgzv-norden.de\/wp-content\/uploads\/2025\/10\/20251019_151634-768x1364.jpg 768w, http:\/\/rgzv-norden.de\/wp-content\/uploads\/2025\/10\/20251019_151634-865x1536.jpg 865w, http:\/\/rgzv-norden.de\/wp-content\/uploads\/2025\/10\/20251019_151634-1153x2048.jpg 1153w, http:\/\/rgzv-norden.de\/wp-content\/uploads\/2025\/10\/20251019_151634-scaled.jpg 1442w\" sizes=\"(max-width: 577px) 100vw, 577px\" \/><\/figure>\n<\/figure>\n\n\n\n<figure class=\"wp-block-gallery has-nested-images columns-default is-cropped wp-block-gallery-2 is-layout-flex wp-block-gallery-is-layout-flex\">\n<figure class=\"wp-block-image size-large\"><img loading=\"lazy\" decoding=\"async\" width=\"1024\" height=\"577\" data-id=\"1321\" src=\"http:\/\/rgzv-norden.de\/wp-content\/uploads\/2025\/10\/1000091741-1-1024x577.jpg\" alt=\"\" class=\"wp-image-1321\" srcset=\"http:\/\/rgzv-norden.de\/wp-content\/uploads\/2025\/10\/1000091741-1-1024x577.jpg 1024w, http:\/\/rgzv-norden.de\/wp-content\/uploads\/2025\/10\/1000091741-1-300x169.jpg 300w, http:\/\/rgzv-norden.de\/wp-content\/uploads\/2025\/10\/1000091741-1-768x432.jpg 768w, http:\/\/rgzv-norden.de\/wp-content\/uploads\/2025\/10\/1000091741-1-1280x720.jpg 1280w, http:\/\/rgzv-norden.de\/wp-content\/uploads\/2025\/10\/1000091741-1-1536x865.jpg 1536w, http:\/\/rgzv-norden.de\/wp-content\/uploads\/2025\/10\/1000091741-1-2048x1153.jpg 2048w\" sizes=\"(max-width: 1024px) 100vw, 1024px\" \/><\/figure>\n<\/figure>\n\n\n\n<figure class=\"wp-block-gallery has-nested-images columns-default is-cropped wp-block-gallery-3 is-layout-flex wp-block-gallery-is-layout-flex\">\n<figure class=\"wp-block-image size-large\"><img loading=\"lazy\" decoding=\"async\" width=\"1024\" height=\"577\" data-id=\"1322\" src=\"http:\/\/rgzv-norden.de\/wp-content\/uploads\/2025\/10\/20251019_151443-1-1024x577.jpg\" alt=\"\" class=\"wp-image-1322\" srcset=\"http:\/\/rgzv-norden.de\/wp-content\/uploads\/2025\/10\/20251019_151443-1-1024x577.jpg 1024w, http:\/\/rgzv-norden.de\/wp-content\/uploads\/2025\/10\/20251019_151443-1-300x169.jpg 300w, http:\/\/rgzv-norden.de\/wp-content\/uploads\/2025\/10\/20251019_151443-1-768x432.jpg 768w, http:\/\/rgzv-norden.de\/wp-content\/uploads\/2025\/10\/20251019_151443-1-1280x720.jpg 1280w, http:\/\/rgzv-norden.de\/wp-content\/uploads\/2025\/10\/20251019_151443-1-1536x865.jpg 1536w, http:\/\/rgzv-norden.de\/wp-content\/uploads\/2025\/10\/20251019_151443-1-2048x1153.jpg 2048w\" sizes=\"(max-width: 1024px) 100vw, 1024px\" \/><\/figure>\n<\/figure>\n","protected":false},"excerpt":{"rendered":"<p>Gro\u00dfer Erfolg f\u00fcr die Norder Gefl\u00fcgelschau \u2013 Besucher begeistert von Vielfalt und Engagement Am vergangenen Wochenende stand die Gewerbestra\u00dfe 26 in Norden ganz&#8230;<\/p>\n","protected":false},"author":1,"featured_media":0,"parent":947,"menu_order":-4,"comment_status":"closed","ping_status":"closed","template":"","meta":{"footnotes":""},"class_list":["post-1313","page","type-page","status-publish","hentry"],"_links":{"self":[{"href":"http:\/\/rgzv-norden.de\/index.php?rest_route=\/wp\/v2\/pages\/1313"}],"collection":[{"href":"http:\/\/rgzv-norden.de\/index.php?rest_route=\/wp\/v2\/pages"}],"about":[{"href":"http:\/\/rgzv-norden.de\/index.php?rest_route=\/wp\/v2\/types\/page"}],"author":[{"embeddable":true,"href":"http:\/\/rgzv-norden.de\/index.php?rest_route=\/wp\/v2\/users\/1"}],"replies":[{"embeddable":true,"href":"http:\/\/rgzv-norden.de\/index.php?rest_route=%2Fwp%2Fv2%2Fcomments&post=1313"}],"version-history":[{"count":1,"href":"http:\/\/rgzv-norden.de\/index.php?rest_route=\/wp\/v2\/pages\/1313\/revisions"}],"predecessor-version":[{"id":1323,"href":"http:\/\/rgzv-norden.de\/index.php?rest_route=\/wp\/v2\/pages\/1313\/revisions\/1323"}],"up":[{"embeddable":true,"href":"http:\/\/rgzv-norden.de\/index.php?rest_route=\/wp\/v2\/pages\/947"}],"wp:attachment":[{"href":"http:\/\/rgzv-norden.de\/index.php?rest_route=%2Fwp%2Fv2%2Fmedia&parent=1313"}],"curies":[{"name":"wp","href":"https:\/\/api.w.org\/{rel}","templated":true}]}}

Rassegeflügelschau 2025

<p><strong>Großer Erfolg für die Norder Geflügelschau – Besucher begeistert von Vielfalt und Engagement</strong></p>



<p>Am vergangenen Wochenende stand die Gewerbestraße 26 in Norden ganz im Zeichen von Federn, Farben und fröhlichem Gegacker: Der Rassegeflügelzuchtverein Norden (RGZV) lud zur großen Geflügelschau – und das Publikum kam zahlreich! Ob Züchter, Tierfreunde oder einfach neugierige Besucher – alle zeigten sich beeindruckt von der Vielfalt und Qualität der ausgestellten Tiere.</p>



<p>Über 230 Ausstellungstiere, darunter Hühner, Zwerghühner, Enten und Tauben, präsentierten sich von ihrer besten Seite. Insgesamt 24 Aussteller aus Norden und dem Umland stellten ihre Züchtungen vor und bewiesen, dass die Leidenschaft für seltene und alte Rassen in der Region quicklebendig ist. Der Erhalt dieser alten, teils gefährdeten Rassen ist nicht nur eine Herzensangelegenheit der Züchter, sondern auch ein wichtiger Beitrag zur biologischen Vielfalt.</p>



<p>Ganze 10 mal wurde die Bestnote „vorzüglich“ und 22 mal die Note „hervorragend“ vergeben. Auch die anderen Tiere erhielten durchweg gute Noten.</p>



<p>Neben der hohen Qualität der Tiere sorgte auch das Rahmenprogramm für gute Stimmung: Die beliebte Lose-Tombola fand reißenden Absatz, und bei Kaffee, Kuchen und Gegrilltem ließ es sich wunderbar plaudern und fachsimpeln.</p>



<p>Vereinsmeister wurde in diesem Jahr Wilko Janetzko mit seinen Fränkischen Landgänsen (935 Punkte). Manfred Feeken überzeugte mit seinen Zwerg-Australorps (945 Punkte) und Peter Becker mit seinen Cauchois (940 Punkte). Bei der Jugend wurde Pia Siemers mit ihren Federfüßigen Zwerghühnern (935 Punkte) Vereinsmeister bei der Juend.</p>



<p>Die Leistungspreise gingen an Tobias Bogena mit seinen Ostfriesischen Möwen (560 Punkte), an Stephan Siemers mit seinen Federfüßigen Zwerghühnern (572 Punkte), Sven-Reschke Lücken mit seinen Antwerpener Bartzwergen (570 Punkten), beim Wassergeflügel an Roswitha Becker mit ihren Sachsenenten (557 Punkte) und bei den Tauben an Peter Becker mit seinen Fränkischen Samtschildtauben (570 Punkte) und Katja Becker mit ihren Eistauben gehämmert (596 Punkte). Bei der Jugend an Lea Siemers mit ihren Sebrights (570 Punkte)</p>



<p>Vereinsvorsitzender Dieter Becker zeigte sich am Ende rundum zufrieden: „So viele Besucher, tolle Bewertungen und eine Stimmung, die besser nicht hätte sein können – was will man mehr?“</p>



<p>Die Norder Geflügelschau hat einmal mehr bewiesen, wie lebendig, vielfältig und zukunftsorientiert die Rassegeflügelzucht ist – und dass Engagement, Herzblut und ein bisschen Humor die besten Zutaten für eine erfolgreiche Veranstaltung sind.</p>



<p>Sollten Sie sich ebenfalls für die Rassegeflügelzucht interessieren, können Sie sich auf der Homepage www.rgzv-norden.de über den Verein informieren oder Sie Besuchen den Verein einfach direkt, jeden 2ten Freitag im Monat um 20Uhr im Haus der Vereine in Norden.</p>



<figure class="wp-block-gallery has-nested-images columns-default is-cropped wp-block-gallery-1 is-layout-flex wp-block-gallery-is-layout-flex">
<figure class="wp-block-image size-large"><img loading="lazy" decoding="async" width="577" height="1024" data-id="1319" src="http://rgzv-norden.de/wp-content/uploads/2025/10/1000091462-577x1024.jpg" alt="" class="wp-image-1319" srcset="http://rgzv-norden.de/wp-content/uploads/2025/10/1000091462-577x1024.jpg 577w, http://rgzv-norden.de/wp-content/uploads/2025/10/1000091462-169x300.jpg 169w, http://rgzv-norden.de/wp-content/uploads/2025/10/1000091462-768x1364.jpg 768w, http://rgzv-norden.de/wp-content/uploads/2025/10/1000091462-865x1536.jpg 865w, http://rgzv-norden.de/wp-content/uploads/2025/10/1000091462-1153x2048.jpg 1153w, http://rgzv-norden.de/wp-content/uploads/2025/10/1000091462-scaled.jpg 1442w" sizes="(max-width: 577px) 100vw, 577px" /></figure>



<figure class="wp-block-image size-large"><img loading="lazy" decoding="async" width="577" height="1024" data-id="1318" src="http://rgzv-norden.de/wp-content/uploads/2025/10/20251019_151240-577x1024.jpg" alt="" class="wp-image-1318" srcset="http://rgzv-norden.de/wp-content/uploads/2025/10/20251019_151240-577x1024.jpg 577w, http://rgzv-norden.de/wp-content/uploads/2025/10/20251019_151240-169x300.jpg 169w, http://rgzv-norden.de/wp-content/uploads/2025/10/20251019_151240-768x1364.jpg 768w, http://rgzv-norden.de/wp-content/uploads/2025/10/20251019_151240-865x1536.jpg 865w, http://rgzv-norden.de/wp-content/uploads/2025/10/20251019_151240-1153x2048.jpg 1153w, http://rgzv-norden.de/wp-content/uploads/2025/10/20251019_151240-scaled.jpg 1442w" sizes="(max-width: 577px) 100vw, 577px" /></figure>



<figure class="wp-block-image size-large"><img loading="lazy" decoding="async" width="577" height="1024" data-id="1314" src="http://rgzv-norden.de/wp-content/uploads/2025/10/20251019_151411-577x1024.jpg" alt="" class="wp-image-1314" srcset="http://rgzv-norden.de/wp-content/uploads/2025/10/20251019_151411-577x1024.jpg 577w, http://rgzv-norden.de/wp-content/uploads/2025/10/20251019_151411-169x300.jpg 169w, http://rgzv-norden.de/wp-content/uploads/2025/10/20251019_151411-768x1364.jpg 768w, http://rgzv-norden.de/wp-content/uploads/2025/10/20251019_151411-865x1536.jpg 865w, http://rgzv-norden.de/wp-content/uploads/2025/10/20251019_151411-1153x2048.jpg 1153w, http://rgzv-norden.de/wp-content/uploads/2025/10/20251019_151411-scaled.jpg 1442w" sizes="(max-width: 577px) 100vw, 577px" /></figure>



<figure class="wp-block-image size-large"><img loading="lazy" decoding="async" width="577" height="1024" data-id="1315" src="http://rgzv-norden.de/wp-content/uploads/2025/10/20251019_151609-577x1024.jpg" alt="" class="wp-image-1315" srcset="http://rgzv-norden.de/wp-content/uploads/2025/10/20251019_151609-577x1024.jpg 577w, http://rgzv-norden.de/wp-content/uploads/2025/10/20251019_151609-169x300.jpg 169w, http://rgzv-norden.de/wp-content/uploads/2025/10/20251019_151609-768x1364.jpg 768w, http://rgzv-norden.de/wp-content/uploads/2025/10/20251019_151609-865x1536.jpg 865w, http://rgzv-norden.de/wp-content/uploads/2025/10/20251019_151609-1153x2048.jpg 1153w, http://rgzv-norden.de/wp-content/uploads/2025/10/20251019_151609-scaled.jpg 1442w" sizes="(max-width: 577px) 100vw, 577px" /></figure>



<figure class="wp-block-image size-large"><img loading="lazy" decoding="async" width="577" height="1024" data-id="1320" src="http://rgzv-norden.de/wp-content/uploads/2025/10/20251019_151634-577x1024.jpg" alt="" class="wp-image-1320" srcset="http://rgzv-norden.de/wp-content/uploads/2025/10/20251019_151634-577x1024.jpg 577w, http://rgzv-norden.de/wp-content/uploads/2025/10/20251019_151634-169x300.jpg 169w, http://rgzv-norden.de/wp-content/uploads/2025/10/20251019_151634-768x1364.jpg 768w, http://rgzv-norden.de/wp-content/uploads/2025/10/20251019_151634-865x1536.jpg 865w, http://rgzv-norden.de/wp-content/uploads/2025/10/20251019_151634-1153x2048.jpg 1153w, http://rgzv-norden.de/wp-content/uploads/2025/10/20251019_151634-scaled.jpg 1442w" sizes="(max-width: 577px) 100vw, 577px" /></figure>
</figure>



<figure class="wp-block-gallery has-nested-images columns-default is-cropped wp-block-gallery-2 is-layout-flex wp-block-gallery-is-layout-flex">
<figure class="wp-block-image size-large"><img loading="lazy" decoding="async" width="1024" height="577" data-id="1321" src="http://rgzv-norden.de/wp-content/uploads/2025/10/1000091741-1-1024x577.jpg" alt="" class="wp-image-1321" srcset="http://rgzv-norden.de/wp-content/uploads/2025/10/1000091741-1-1024x577.jpg 1024w, http://rgzv-norden.de/wp-content/uploads/2025/10/1000091741-1-300x169.jpg 300w, http://rgzv-norden.de/wp-content/uploads/2025/10/1000091741-1-768x432.jpg 768w, http://rgzv-norden.de/wp-content/uploads/2025/10/1000091741-1-1280x720.jpg 1280w, http://rgzv-norden.de/wp-content/uploads/2025/10/1000091741-1-1536x865.jpg 1536w, http://rgzv-norden.de/wp-content/uploads/2025/10/1000091741-1-2048x1153.jpg 2048w" sizes="(max-width: 1024px) 100vw, 1024px" /></figure>
</figure>



<figure class="wp-block-gallery has-nested-images columns-default is-cropped wp-block-gallery-3 is-layout-flex wp-block-gallery-is-layout-flex">
<figure class="wp-block-image size-large"><img loading="lazy" decoding="async" width="1024" height="577" data-id="1322" src="http://rgzv-norden.de/wp-content/uploads/2025/10/20251019_151443-1-1024x577.jpg" alt="" class="wp-image-1322" srcset="http://rgzv-norden.de/wp-content/uploads/2025/10/20251019_151443-1-1024x577.jpg 1024w, http://rgzv-norden.de/wp-content/uploads/2025/10/20251019_151443-1-300x169.jpg 300w, http://rgzv-norden.de/wp-content/uploads/2025/10/20251019_151443-1-768x432.jpg 768w, http://rgzv-norden.de/wp-content/uploads/2025/10/20251019_151443-1-1280x720.jpg 1280w, http://rgzv-norden.de/wp-content/uploads/2025/10/20251019_151443-1-1536x865.jpg 1536w, http://rgzv-norden.de/wp-content/uploads/2025/10/20251019_151443-1-2048x1153.jpg 2048w" sizes="(max-width: 1024px) 100vw, 1024px" /></figure>
</figure>

<p>Großer Erfolg für die Norder Geflügelschau – Besucher begeistert von Vielfalt und Engagement Am vergangenen Wochenende stand die Gewerbestraße 26 in Norden ganz&#8230;</p>
