{"id":222,"date":"2018-06-11T10:35:50","date_gmt":"2018-06-11T10:35:50","guid":{"rendered":"http:\/\/rgzv-norden.de\/?page_id=222"},"modified":"2024-10-21T18:07:00","modified_gmt":"2024-10-21T18:07:00","slug":"impressum","status":"publish","type":"page","link":"http:\/\/rgzv-norden.de\/?page_id=222","title":{"rendered":"Impressum"},"content":{"rendered":"\n<h4 class=\"wp-block-heading\"><strong>Rassegefl\u00fcgelzuchtverein Norden von 1870 e. V.<\/strong><\/h4>\n\n\n\n<h4 class=\"wp-block-heading\"><strong>1. Vorsitzender&nbsp;&nbsp;&nbsp;&nbsp;<\/strong><\/h4>\n\n\n\n<h4 class=\"wp-block-heading\">Dieter Becker , Barenbuscherweg 47b, 26506 Norden E-Mail: <a href=\"mailto:Becker.kurtzke@t-online.de\" target=\"_blank\" rel=\"noreferrer noopener\">Becker.kurtzke@t-online.de<\/a><\/h4>\n\n\n\n<h4 class=\"wp-block-heading\">Tel.: 04931167142<\/h4>\n\n\n\n<h4 class=\"wp-block-heading\"><strong>Verantwortlich f\u00fcr den Inhalt dieser Seite<\/strong><\/h4>\n\n\n\n<h4 class=\"wp-block-heading\">Torsten Hintz, Schoonorther M\u00f6hlenh\u00f6rn 4, 26736 Krummh\u00f6rn, E-Mail: TorstenHintz85@gmail.com<\/h4>\n\n\n\n<h4 class=\"wp-block-heading\">&nbsp;<\/h4>\n\n\n\n<h4 class=\"wp-block-heading\">Information<\/h4>\n\n\n\n<h4 class=\"wp-block-heading\">&nbsp;<\/h4>\n\n\n\n<h4 class=\"wp-block-heading\">Gem\u00e4\u00df \u00a7 28 BDSG widerspreche ich jeder kommerziellen Verwendung und Weitergabe meiner Daten.<\/h4>\n\n\n\n<h4 class=\"wp-block-heading\">Verantwortlich f\u00fcr Inhalt und Gestaltung der Internetpr\u00e4sentation ist Torsten Hintz.<\/h4>\n\n\n\n<h4 class=\"wp-block-heading\">Torsten Hintz erteilt die Erlaubnis alle auf diesen Internetseiten&nbsp;<br>erscheinenden Inhalte zur Informationsgewinnung des Anwenders zu nutzen&nbsp;<br>und zu kopieren bzw. einen Ausdruck zu erstellen. F\u00fcr eine gewerbliche&nbsp;<br>Nutzung gilt dies nur nach einer vorher schriftlich erteilten&nbsp;<br>Zustimmung.&nbsp;<\/h4>\n\n\n\n<h4 class=\"wp-block-heading\">Layout und Gestaltung dieser Pr\u00e4sentation sowie die enthaltenen Informationen sind gem\u00e4\u00df dem Urheberrechtsgesetz gesch\u00fctzt.<br>Das ist auch zu beachten, wenn auf diesen Internetseiten erscheinende&nbsp;<br>Materialien Dritter zur Informationsgewinnung verwendet oder kopiert&nbsp;<br>werden.&nbsp;<\/h4>\n\n\n\n<h4 class=\"wp-block-heading\">Eingetragene und nicht eingetragene Warenzeichen dieser<br>Internetpr\u00e4sentation oder Dritter d\u00fcrfen ohne vorherige schriftliche&nbsp;<br>Zustimmung nicht in Werbematerialien oder anderen Ver\u00f6ffentlichungen, im<br>Zusammenhang mit der Verbreitung von Informationen verwendet werden.&nbsp;<\/h4>\n\n\n\n<h4 class=\"wp-block-heading\">Alle Angaben erfolgen ohne Gew\u00e4hr. Eine Haftung f\u00fcr Sch\u00e4den, die sich aus&nbsp;<br>der Verwendung der ver\u00f6ffentlichten Inhalte ergeben, ist ausgeschlossen.<\/h4>\n\n\n\n<h4 class=\"wp-block-heading\">Keine Abmahnung ohne vorherigen Kontakt.<\/h4>\n\n\n\n<h4 class=\"wp-block-heading\">Sollte der Inhalt oder die Aufmachung dieser Seiten Rechte Dritter oder&nbsp;<br>gesetzliche Bestimmungen verletzen, bitte ich um eine entsprechende&nbsp;<br>Nachricht ohne Kostennote. Die Kostennote einer anwaltlichen Abmahnung&nbsp;<br>ohne vorhergehende Kontaktaufnahme mit mir wird im Sinne der&nbsp;<br>Schadensminderungspflicht als unbegr\u00fcndet zur\u00fcckgewiesen.<\/h4>\n\n\n\n<h4 class=\"wp-block-heading\">Diese Homepage bekommt von <a href=\"https:\/\/pixabay.com\/\">https:\/\/pixabay.com<\/a> Bildmaterial zu Verf\u00fcgung gestellt<\/h4>\n","protected":false},"excerpt":{"rendered":"<p>Rassegefl\u00fcgelzuchtverein Norden von 1870 e. V. 1. Vorsitzender&nbsp;&nbsp;&nbsp;&nbsp; Dieter Becker , Barenbuscherweg 47b, 26506 Norden E-Mail: Becker.kurtzke@t-online.de Tel.: 04931167142 Verantwortlich f\u00fcr den Inhalt&#8230;<\/p>\n","protected":false},"author":1,"featured_media":0,"parent":0,"menu_order":11,"comment_status":"closed","ping_status":"closed","template":"","meta":{"footnotes":""},"class_list":["post-222","page","type-page","status-publish","hentry"],"_links":{"self":[{"href":"http:\/\/rgzv-norden.de\/index.php?rest_route=\/wp\/v2\/pages\/222"}],"collection":[{"href":"http:\/\/rgzv-norden.de\/index.php?rest_route=\/wp\/v2\/pages"}],"about":[{"href":"http:\/\/rgzv-norden.de\/index.php?rest_route=\/wp\/v2\/types\/page"}],"author":[{"embeddable":true,"href":"http:\/\/rgzv-norden.de\/index.php?rest_route=\/wp\/v2\/users\/1"}],"replies":[{"embeddable":true,"href":"http:\/\/rgzv-norden.de\/index.php?rest_route=%2Fwp%2Fv2%2Fcomments&post=222"}],"version-history":[{"count":13,"href":"http:\/\/rgzv-norden.de\/index.php?rest_route=\/wp\/v2\/pages\/222\/revisions"}],"predecessor-version":[{"id":1066,"href":"http:\/\/rgzv-norden.de\/index.php?rest_route=\/wp\/v2\/pages\/222\/revisions\/1066"}],"wp:attachment":[{"href":"http:\/\/rgzv-norden.de\/index.php?rest_route=%2Fwp%2Fv2%2Fmedia&parent=222"}],"curies":[{"name":"wp","href":"https:\/\/api.w.org\/{rel}","templated":true}]}}