{"id":838,"date":"2023-09-17T21:53:58","date_gmt":"2023-09-17T21:53:58","guid":{"rendered":"http:\/\/rgzv-norden.de\/?page_id=838"},"modified":"2024-12-19T16:11:43","modified_gmt":"2024-12-19T16:11:43","slug":"kraeherfest-2023","status":"publish","type":"page","link":"http:\/\/rgzv-norden.de\/?page_id=838","title":{"rendered":"Kr\u00e4herfest 2023"},"content":{"rendered":"\n<p>Am 27.08.2023 fand im Haus der Vereine unser allj\u00e4hrliches Kr\u00e4herfest statt. Insgesamt traten 18 H\u00e4hne an (Gro\u00dfe Rasse: 7 und Kleine Rasse: 11). Beim Kr\u00e4herfest gewinnt der Hahn der in 20 Minuten am meisten gekr\u00e4ht hat. Jeweils vier H\u00e4hne werden von je einem freiwilligen Vereinsmitglied beobachtet und jeder Kr\u00e4her wird notiert. <\/p>\n\n\n\n<p>Insgesamt haben alle H\u00e4hne in den 20 Minuten 248 Mal gekr\u00e4ht (die Gro\u00dfen 97 Mal und die Kleinen 151 Mal.) Sieben H\u00e4hne haben gar nicht gekr\u00e4ht. Einen Pokal f\u00fcr den besten S\u00e4nger erhielten dann bei der anschlie\u00dfenden Siegerehrung Hermine Schmidt bei den gro\u00dfen Rassen und Tade Cassens bei den kleinen Rassen (mit erst einer Woche Lebensalter das wohl j\u00fcngste Vereinsmitglied) der sich bei der Abholung des Preises von seinen Eltern unterst\u00fctzen lies. <\/p>\n\n\n\n<p>F\u00fcr die Besitzer der &#8222;stummen&#8220; H\u00e4hne werden Trostpreise (in Form von Gurkengl\u00e4sern) ausgelost. Diese gingen an Nicole Campen bei den gro\u00dfen und Hinrich Poppinga bei den kleinen Rassen. <\/p>\n\n\n\n<p><\/p>\n\n\n\n<figure class=\"wp-block-gallery columns-3 is-cropped wp-block-gallery-1 is-layout-flex wp-block-gallery-is-layout-flex\"><ul class=\"blocks-gallery-grid\"><li class=\"blocks-gallery-item\"><figure><img loading=\"lazy\" decoding=\"async\" width=\"768\" height=\"1024\" src=\"http:\/\/rgzv-norden.de\/wp-content\/uploads\/2023\/09\/image00001-768x1024.jpeg\" alt=\"\" data-id=\"842\" data-full-url=\"http:\/\/rgzv-norden.de\/wp-content\/uploads\/2023\/09\/image00001.jpeg\" data-link=\"http:\/\/rgzv-norden.de\/?attachment_id=842\" class=\"wp-image-842\" srcset=\"http:\/\/rgzv-norden.de\/wp-content\/uploads\/2023\/09\/image00001-768x1024.jpeg 768w, http:\/\/rgzv-norden.de\/wp-content\/uploads\/2023\/09\/image00001-225x300.jpeg 225w, http:\/\/rgzv-norden.de\/wp-content\/uploads\/2023\/09\/image00001-1152x1536.jpeg 1152w, http:\/\/rgzv-norden.de\/wp-content\/uploads\/2023\/09\/image00001.jpeg 1200w\" sizes=\"(max-width: 768px) 100vw, 768px\" \/><\/figure><\/li><li class=\"blocks-gallery-item\"><figure><img loading=\"lazy\" decoding=\"async\" width=\"768\" height=\"1024\" src=\"http:\/\/rgzv-norden.de\/wp-content\/uploads\/2023\/09\/image00002-768x1024.jpeg\" alt=\"\" data-id=\"843\" data-full-url=\"http:\/\/rgzv-norden.de\/wp-content\/uploads\/2023\/09\/image00002.jpeg\" data-link=\"http:\/\/rgzv-norden.de\/?attachment_id=843\" class=\"wp-image-843\" srcset=\"http:\/\/rgzv-norden.de\/wp-content\/uploads\/2023\/09\/image00002-768x1024.jpeg 768w, http:\/\/rgzv-norden.de\/wp-content\/uploads\/2023\/09\/image00002-225x300.jpeg 225w, http:\/\/rgzv-norden.de\/wp-content\/uploads\/2023\/09\/image00002-1152x1536.jpeg 1152w, http:\/\/rgzv-norden.de\/wp-content\/uploads\/2023\/09\/image00002.jpeg 1200w\" sizes=\"(max-width: 768px) 100vw, 768px\" \/><\/figure><\/li><li class=\"blocks-gallery-item\"><figure><img loading=\"lazy\" decoding=\"async\" width=\"870\" height=\"1024\" src=\"http:\/\/rgzv-norden.de\/wp-content\/uploads\/2023\/09\/image00003-870x1024.jpeg\" alt=\"\" data-id=\"844\" data-full-url=\"http:\/\/rgzv-norden.de\/wp-content\/uploads\/2023\/09\/image00003.jpeg\" data-link=\"http:\/\/rgzv-norden.de\/?attachment_id=844\" class=\"wp-image-844\" srcset=\"http:\/\/rgzv-norden.de\/wp-content\/uploads\/2023\/09\/image00003-870x1024.jpeg 870w, http:\/\/rgzv-norden.de\/wp-content\/uploads\/2023\/09\/image00003-255x300.jpeg 255w, http:\/\/rgzv-norden.de\/wp-content\/uploads\/2023\/09\/image00003-768x904.jpeg 768w, http:\/\/rgzv-norden.de\/wp-content\/uploads\/2023\/09\/image00003.jpeg 1109w\" sizes=\"(max-width: 870px) 100vw, 870px\" \/><\/figure><\/li><\/ul><\/figure>\n\n\n\n<p><\/p>\n","protected":false},"excerpt":{"rendered":"<p>Am 27.08.2023 fand im Haus der Vereine unser allj\u00e4hrliches Kr\u00e4herfest statt. Insgesamt traten 18 H\u00e4hne an (Gro\u00dfe Rasse: 7 und Kleine Rasse: 11)&#8230;.<\/p>\n","protected":false},"author":1,"featured_media":0,"parent":947,"menu_order":2,"comment_status":"closed","ping_status":"closed","template":"","meta":{"footnotes":""},"class_list":["post-838","page","type-page","status-publish","hentry"],"_links":{"self":[{"href":"http:\/\/rgzv-norden.de\/index.php?rest_route=\/wp\/v2\/pages\/838"}],"collection":[{"href":"http:\/\/rgzv-norden.de\/index.php?rest_route=\/wp\/v2\/pages"}],"about":[{"href":"http:\/\/rgzv-norden.de\/index.php?rest_route=\/wp\/v2\/types\/page"}],"author":[{"embeddable":true,"href":"http:\/\/rgzv-norden.de\/index.php?rest_route=\/wp\/v2\/users\/1"}],"replies":[{"embeddable":true,"href":"http:\/\/rgzv-norden.de\/index.php?rest_route=%2Fwp%2Fv2%2Fcomments&post=838"}],"version-history":[{"count":3,"href":"http:\/\/rgzv-norden.de\/index.php?rest_route=\/wp\/v2\/pages\/838\/revisions"}],"predecessor-version":[{"id":845,"href":"http:\/\/rgzv-norden.de\/index.php?rest_route=\/wp\/v2\/pages\/838\/revisions\/845"}],"up":[{"embeddable":true,"href":"http:\/\/rgzv-norden.de\/index.php?rest_route=\/wp\/v2\/pages\/947"}],"wp:attachment":[{"href":"http:\/\/rgzv-norden.de\/index.php?rest_route=%2Fwp%2Fv2%2Fmedia&parent=838"}],"curies":[{"name":"wp","href":"https:\/\/api.w.org\/{rel}","templated":true}]}}