{"id":9,"date":"2018-06-07T21:56:34","date_gmt":"2018-06-07T21:56:34","guid":{"rendered":"http:\/\/rgzv-norden.de\/?page_id=9"},"modified":"2024-09-04T11:40:36","modified_gmt":"2024-09-04T11:40:36","slug":"ueber-uns","status":"publish","type":"page","link":"http:\/\/rgzv-norden.de\/?page_id=9","title":{"rendered":"\u00dcber uns"},"content":{"rendered":"<p><img loading=\"lazy\" decoding=\"async\" class=\"alignnone wp-image-160\" src=\"http:\/\/rgzv-norden.de\/wp-content\/uploads\/2018\/06\/bild2-300x200.jpg\" alt=\"\" width=\"192\" height=\"128\" srcset=\"http:\/\/rgzv-norden.de\/wp-content\/uploads\/2018\/06\/bild2-300x200.jpg 300w, http:\/\/rgzv-norden.de\/wp-content\/uploads\/2018\/06\/bild2-768x512.jpg 768w, http:\/\/rgzv-norden.de\/wp-content\/uploads\/2018\/06\/bild2-1024x682.jpg 1024w, http:\/\/rgzv-norden.de\/wp-content\/uploads\/2018\/06\/bild2.jpg 1037w\" sizes=\"(max-width: 192px) 100vw, 192px\" \/><img loading=\"lazy\" decoding=\"async\" class=\"alignnone wp-image-83\" src=\"http:\/\/rgzv-norden.de\/wp-content\/uploads\/2018\/06\/20180211_111453-300x178.jpg\" alt=\"\" width=\"216\" height=\"128\" srcset=\"http:\/\/rgzv-norden.de\/wp-content\/uploads\/2018\/06\/20180211_111453-300x178.jpg 300w, http:\/\/rgzv-norden.de\/wp-content\/uploads\/2018\/06\/20180211_111453-768x456.jpg 768w, http:\/\/rgzv-norden.de\/wp-content\/uploads\/2018\/06\/20180211_111453-1024x608.jpg 1024w\" sizes=\"(max-width: 216px) 100vw, 216px\" \/><img loading=\"lazy\" decoding=\"async\" class=\"alignnone wp-image-153\" src=\"http:\/\/rgzv-norden.de\/wp-content\/uploads\/2018\/06\/hp6-284x300.jpg\" alt=\"\" width=\"121\" height=\"128\" srcset=\"http:\/\/rgzv-norden.de\/wp-content\/uploads\/2018\/06\/hp6-284x300.jpg 284w, http:\/\/rgzv-norden.de\/wp-content\/uploads\/2018\/06\/hp6.jpg 310w\" sizes=\"(max-width: 121px) 100vw, 121px\" \/><img loading=\"lazy\" decoding=\"async\" class=\"alignnone wp-image-84\" src=\"http:\/\/rgzv-norden.de\/wp-content\/uploads\/2018\/06\/20180309_212318-300x208.jpg\" alt=\"\" width=\"185\" height=\"128\" srcset=\"http:\/\/rgzv-norden.de\/wp-content\/uploads\/2018\/06\/20180309_212318-300x208.jpg 300w, http:\/\/rgzv-norden.de\/wp-content\/uploads\/2018\/06\/20180309_212318-768x532.jpg 768w, http:\/\/rgzv-norden.de\/wp-content\/uploads\/2018\/06\/20180309_212318-1024x709.jpg 1024w\" sizes=\"(max-width: 185px) 100vw, 185px\" \/><\/p>\n<h1><\/h1>\n<p>&nbsp;<\/p>\n<h1 style=\"text-align: center;\">Unsere Vereinsgeschichte<\/h1>\n<p>&nbsp;<\/p>\n<h2>Der Rassegefl\u00fcgelzuchtverein Norden wurde 1870 gegr\u00fcndet . Sinn des Vereins war es gutes leistungsf\u00e4higes Hausgefl\u00fcgel zu erz\u00fcchten um die mangelhafte Ern\u00e4hrung der Bev\u00f6lkerung zu Verbessern. Aber man wollte auch die Vielfallt des Gefl\u00fcgels bei G\u00e4nsen, Enten, H\u00fchnern, Zwergh\u00fchnern und den Tauben zeigen und auf Ausstellungen bekannt zu machen.<\/h2>\n<p>&nbsp;<\/p>\n<h2>Norden muss zu der Zeit sehr bekannt gewesen sein, denn die Aussteller kamen aus ganz Deutschland, man schickte seine Tiere mit der grad angeschlossenen Bahn.<\/h2>\n<p>&nbsp;<\/p>\n<h2>Auch heute z\u00fcchten wir noch Rassegefl\u00fcgel allerdings nur noch der Sch\u00f6nheit wegen und unser Hauptanliegen ist es die alten Haustierrassen zu erhalten von denen etliche auf der sogenannten \u00b4\u00b4Rote Liste\u00b4\u00b4 stehen. Unter anderen die Ostfriesischen M\u00f6wen eine Rasse die haupts\u00e4chlich von Norder Vereinsmitglieder erz\u00fcchtet wurde.<\/h2>\n<h2>Auf unseren Ausstellungen die im Herbst abgehalten werden zeigen wir j\u00e4hrlich f\u00fcnf bis sechsundert Tiere der verschiedensten Rassen , die von gut geschulten Preisrichtern aus unserem Landesverband Weser-Ems bewertet und mit Preisen ausgezeichnet werden.<\/h2>\n<p>&nbsp;<\/p>\n<h2>Wir treffen uns jeden 2. Freitag im Monat um 20:00 Uhr im Haus der Vereine am Norder Tief um eine Mitgliederversammlung abzuhalten. Auf diesen Veranstaltungen f\u00fchren wir meistens Tierbesprechungen durch.<\/h2>\n<p>&nbsp;<\/p>\n<h2>Au\u00dferdem h\u00e4lt der Zuchtwart einen Vortrag \u00fcber verschiedene Themen z. B. Rasse, Haltungsbedingugen, St\u00e4lle , Brut und Aufzucht und vieles mehr immer unter Mitwirkung der anwesenden Mitglieder .<\/h2>\n<p>&nbsp;<\/p>\n<h2>Neue Mitglieder sind uns jeder Zeit willkommen . Einfach zur Versammlung erscheinen oder nehmen Sie kontakt per Telefon oder Mail mit uns auf .<\/h2>\n<p>&nbsp;<\/p>\n<p>&nbsp;<\/p>\n<h2>Mit freundlichen Gr\u00fc\u00dfen der RGZV &#8211; Norden<\/h2>\n","protected":false},"excerpt":{"rendered":"<p>&nbsp; Unsere Vereinsgeschichte &nbsp; Der Rassegefl\u00fcgelzuchtverein Norden wurde 1870 gegr\u00fcndet . Sinn des Vereins war es gutes leistungsf\u00e4higes Hausgefl\u00fcgel zu erz\u00fcchten um die&#8230;<\/p>\n","protected":false},"author":1,"featured_media":0,"parent":0,"menu_order":2,"comment_status":"closed","ping_status":"closed","template":"","meta":{"footnotes":""},"class_list":["post-9","page","type-page","status-publish","hentry"],"_links":{"self":[{"href":"http:\/\/rgzv-norden.de\/index.php?rest_route=\/wp\/v2\/pages\/9"}],"collection":[{"href":"http:\/\/rgzv-norden.de\/index.php?rest_route=\/wp\/v2\/pages"}],"about":[{"href":"http:\/\/rgzv-norden.de\/index.php?rest_route=\/wp\/v2\/types\/page"}],"author":[{"embeddable":true,"href":"http:\/\/rgzv-norden.de\/index.php?rest_route=\/wp\/v2\/users\/1"}],"replies":[{"embeddable":true,"href":"http:\/\/rgzv-norden.de\/index.php?rest_route=%2Fwp%2Fv2%2Fcomments&post=9"}],"version-history":[{"count":13,"href":"http:\/\/rgzv-norden.de\/index.php?rest_route=\/wp\/v2\/pages\/9\/revisions"}],"predecessor-version":[{"id":178,"href":"http:\/\/rgzv-norden.de\/index.php?rest_route=\/wp\/v2\/pages\/9\/revisions\/178"}],"wp:attachment":[{"href":"http:\/\/rgzv-norden.de\/index.php?rest_route=%2Fwp%2Fv2%2Fmedia&parent=9"}],"curies":[{"name":"wp","href":"https:\/\/api.w.org\/{rel}","templated":true}]}}

Über uns

<p><img loading="lazy" decoding="async" class="alignnone wp-image-160" src="http://rgzv-norden.de/wp-content/uploads/2018/06/bild2-300x200.jpg" alt="" width="192" height="128" srcset="http://rgzv-norden.de/wp-content/uploads/2018/06/bild2-300x200.jpg 300w, http://rgzv-norden.de/wp-content/uploads/2018/06/bild2-768x512.jpg 768w, http://rgzv-norden.de/wp-content/uploads/2018/06/bild2-1024x682.jpg 1024w, http://rgzv-norden.de/wp-content/uploads/2018/06/bild2.jpg 1037w" sizes="(max-width: 192px) 100vw, 192px" /><img loading="lazy" decoding="async" class="alignnone wp-image-83" src="http://rgzv-norden.de/wp-content/uploads/2018/06/20180211_111453-300x178.jpg" alt="" width="216" height="128" srcset="http://rgzv-norden.de/wp-content/uploads/2018/06/20180211_111453-300x178.jpg 300w, http://rgzv-norden.de/wp-content/uploads/2018/06/20180211_111453-768x456.jpg 768w, http://rgzv-norden.de/wp-content/uploads/2018/06/20180211_111453-1024x608.jpg 1024w" sizes="(max-width: 216px) 100vw, 216px" /><img loading="lazy" decoding="async" class="alignnone wp-image-153" src="http://rgzv-norden.de/wp-content/uploads/2018/06/hp6-284x300.jpg" alt="" width="121" height="128" srcset="http://rgzv-norden.de/wp-content/uploads/2018/06/hp6-284x300.jpg 284w, http://rgzv-norden.de/wp-content/uploads/2018/06/hp6.jpg 310w" sizes="(max-width: 121px) 100vw, 121px" /><img loading="lazy" decoding="async" class="alignnone wp-image-84" src="http://rgzv-norden.de/wp-content/uploads/2018/06/20180309_212318-300x208.jpg" alt="" width="185" height="128" srcset="http://rgzv-norden.de/wp-content/uploads/2018/06/20180309_212318-300x208.jpg 300w, http://rgzv-norden.de/wp-content/uploads/2018/06/20180309_212318-768x532.jpg 768w, http://rgzv-norden.de/wp-content/uploads/2018/06/20180309_212318-1024x709.jpg 1024w" sizes="(max-width: 185px) 100vw, 185px" /></p>
<h1></h1>
<p>&nbsp;</p>
<h1 style="text-align: center;">Unsere Vereinsgeschichte</h1>
<p>&nbsp;</p>
<h2>Der Rassegeflügelzuchtverein Norden wurde 1870 gegründet . Sinn des Vereins war es gutes leistungsfähiges Hausgeflügel zu erzüchten um die mangelhafte Ernährung der Bevölkerung zu Verbessern. Aber man wollte auch die Vielfallt des Geflügels bei Gänsen, Enten, Hühnern, Zwerghühnern und den Tauben zeigen und auf Ausstellungen bekannt zu machen.</h2>
<p>&nbsp;</p>
<h2>Norden muss zu der Zeit sehr bekannt gewesen sein, denn die Aussteller kamen aus ganz Deutschland, man schickte seine Tiere mit der grad angeschlossenen Bahn.</h2>
<p>&nbsp;</p>
<h2>Auch heute züchten wir noch Rassegeflügel allerdings nur noch der Schönheit wegen und unser Hauptanliegen ist es die alten Haustierrassen zu erhalten von denen etliche auf der sogenannten ´´Rote Liste´´ stehen. Unter anderen die Ostfriesischen Möwen eine Rasse die hauptsächlich von Norder Vereinsmitglieder erzüchtet wurde.</h2>
<h2>Auf unseren Ausstellungen die im Herbst abgehalten werden zeigen wir jährlich fünf bis sechsundert Tiere der verschiedensten Rassen , die von gut geschulten Preisrichtern aus unserem Landesverband Weser-Ems bewertet und mit Preisen ausgezeichnet werden.</h2>
<p>&nbsp;</p>
<h2>Wir treffen uns jeden 2. Freitag im Monat um 20:00 Uhr im Haus der Vereine am Norder Tief um eine Mitgliederversammlung abzuhalten. Auf diesen Veranstaltungen führen wir meistens Tierbesprechungen durch.</h2>
<p>&nbsp;</p>
<h2>Außerdem hält der Zuchtwart einen Vortrag über verschiedene Themen z. B. Rasse, Haltungsbedingugen, Ställe , Brut und Aufzucht und vieles mehr immer unter Mitwirkung der anwesenden Mitglieder .</h2>
<p>&nbsp;</p>
<h2>Neue Mitglieder sind uns jeder Zeit willkommen . Einfach zur Versammlung erscheinen oder nehmen Sie kontakt per Telefon oder Mail mit uns auf .</h2>
<p>&nbsp;</p>
<p>&nbsp;</p>
<h2>Mit freundlichen Grüßen der RGZV &#8211; Norden</h2>

<p>&nbsp; Unsere Vereinsgeschichte &nbsp; Der Rassegeflügelzuchtverein Norden wurde 1870 gegründet . Sinn des Vereins war es gutes leistungsfähiges Hausgeflügel zu erzüchten um die&#8230;</p>
